composite?
True
Is 28961 a composite number?
False
Is 6239 composite?
True
Is 465373 composite?
False
Is 843773 composite?
True
Is 901007 prime?
True
Is 3882277 a prime number?
False
Is 407951 composite?
True
Is 453403 a prime number?
False
Is 3501867 a prime number?
False
Is 59071 prime?
False
Is 261167 prime?
True
Is 253093 prime?
False
Is 2497 a composite number?
True
Is 3022 a composite number?
True
Is 117647 a prime number?
False
Is 436859 composite?
True
Is 1797769 a prime number?
True
Is 332603 composite?
True
Is 62527 a prime number?
False
Is 14114 a prime number?
False
Is 14393 a prime number?
False
Is 667 a composite number?
True
Is 20627 a prime number?
True
Is 2162543 a composite number?
False
Is 662339 a composite number?
False
Is 23011 a composite number?
False
Is 1091137 composite?
False
Is 803 prime?
False
Is 3733 a composite number?
False
Is 75053 a prime number?
False
Is 2098051 prime?
True
Is 665887 a prime number?
False
Is 484639 a composite number?
False
Is 23251 a composite number?
False
Is 11201 prime?
False
Is 1070309 composite?
False
Is 4373 composite?
False
Is 49319 a composite number?
True
Is 121139 a prime number?
True
Is 16719 prime?
False
Is 9109 a prime number?
True
Is 356693 prime?
True
Is 319 a prime number?
False
Is 869 a prime number?
False
Is 10519 a composite number?
True
Is 183191 a prime number?
True
Is 2854207 composite?
False
Is 37039 a composite number?
False
Is 4391 composite?
False
Is 1219 a composite number?
True
Is 37166 a prime number?
False
Is 49001 prime?
False
Is 2533 a composite number?
True
Is 24029 composite?
False
Is 8633 a prime number?
False
Is 46511 prime?
True
Is 112643 composite?
False
Is 1543 prime?
True
Is 6377 prime?
False
Is 193369 a prime number?
False
Is 4022 a composite number?
True
Is 170623 a composite number?
True
Is 12653 a composite number?
False
Is 27187 a composite number?
True
Is 586189 a prime number?
True
Is 59197 a prime number?
True
Is 41189 prime?
True
Is 5839 composite?
False
Is 237905 prime?
False
Is 63689 prime?
True
Is 386303 a composite number?
False
Is 459841 a composite number?
False
Is 291947 composite?
True
Is 15815 composite?
True
Is 340429 prime?
True
Is 299283 prime?
False
Is 4751 a composite number?
False
Is 2804258 composite?
True
Is 997133 composite?
True
Is 2627 a prime number?
False
Is 48179 a composite number?
False
Is 8603 a prime number?
False
Is 6197 a composite number?
False
Is 598867 composite?
False
Is 77789 composite?
True
Is 8597 prime?
True
Is 3259277 a composite number?
True
Is 480203 composite?
False
Is 120113 a composite number?
True
Is 2063 composite?
False
Is 4937 a composite number?
False
Is 73426 a composite number?
True
Is 95869 a composite number?
False
Is 35339 a prime number?
True
Is 5021 prime?
True
Is 449051 prime?
True
Is 316541 composite?
True
Is 32105 composite?
True
Is 76907 a composite number?
False
Is 116407 composite?
True
Is 2569 a prime number?
False
Is 180097 a composite number?
False
Is 3130619 a composite number?
False
Is 15787 prime?
True
Is 186311 prime?
True
Is 365705 prime?
False
Is 155039 a prime number?
False
Is 25 composite?
True
Is 10483 prime?
False
Is 499 a prime number?
True
Is 791773 prime?
True
Is 399851 a composite number?
False
Is 6523 a prime number?
False
Is 202043 a prime number?
False
Is 2153 a prime number?
True
Is 5221 a prime number?
False
Is 1130995 a prime number?
False
Is 30947 composite?
True
Is 10031 a composite number?
True
Is 106391 composite?
False
Is 376361 prime?
False
Is 443 a prime number?
True
Is 47777 a composite number?
False
Is 4571 a composite number?
True
Is 701281 a prime number?
False
Is 13951 prime?
False
Is 80767 prime?
False
Is 37119 prime?
False
Is 69313 a composite number?
False
Is 244157 composite?
False
Is 95653 a composite number?
True
Is 27065 prime?
False
Is 11558 a composite number?
True
Is 481 composite?
True
Is 124277 a composite number?
False
Is 708091 a prime number?
True
Is 1257 a composite number?
True
Is 416018 a prime number?
False
Is 6521 prime?
True
Is 216955 a prime number?
False
Is 215777 composite?
True
Is 18661 a prime number?
True
Is 1949 prime?
True
Is 470293 a prime number?
False
Is 3707 composite?
True
Is 476299 a prime number?
True
Is 2124393 a composite number?
True
Is 1187 a prime number?
True
Is 5209 prime?
True
Is 5567 a prime number?
False
Is 280993 prime?
False
Is 68339 prime?
False
Is 455899 a prime number?
True
Is 50429 composite?
True
Is 4717 a composite number?
True
Is 3683 prime?
False
Is 27509 a composite number?
False
Is 3778 a composite number?
True
Is 4811 a prime number?
False
Is 257591 composite?
False
Is 1104479 composite?
False
Is 307577 prime?
True
Is 560701 a prime number?
True
Is 140329 composite?
True
Is 21859 a prime number?
True
Is 851977 composite?
True
Is 33 composite?
True
Is 36647 a prime number?
False
Is 8251 a prime number?
False
Is 39803 a prime number?
False
Is 210391 a composite number?
False
Is 22142 a prime number?
False
Is 23447 composite?
False
Is 34961 composite?
False
Is 21583 prime?
False
Is 61865 a composite number?
True
Is 326419 composite?
True
Is 2767 prime?
True
Is 2669 a prime number?
False
Is 695999 composite?
False
Is 186629 composite?
False
Is 23554 a composite number?
True
Is 7197 a composite number?
True
Is 90353 a prime number?
True
Is 161309 a composite number?
False
Is 26661 prime?
False
Is 25693 a composite number?
False
Is 27997 composite?
False
Is 22619 a prime number?
True
Is 24901 composite?
True
Is 703441 a composite number?
False
Is 1737257 a prime number?
True
Is 1589567 composite?
True
Is 249481 a composite number?
True
Is 18583 prime?
True
Is 22297 a prime number?
False
Is 4907 prime?
False
Is 10903 a prime number?
True
Is 364334 composite?
True
Is 400123 a composite number?
False
Is 1002787 a prime number?
True
Is 95411 prime?
False
Is 3433 a prime number?
True
Is 10651 a prime number?
True
Is 866473 composite?
True
Is 71351 a composite number?
True
Is 300341 composite?
True
Is 130081 composite?
True
Is 54737 composite?
True
Is 32197 a prime number?
False
Is 1633 a composite number?
True
Is 142771 prime?
True
Is 42131 prime?
True
Is 185083 composite?
True
Is 154015 composite?
True
Is 26583 a composite number?
True
Is 1314043 composite?
False
Is 10651 prime?
True
Is 535057 composite?
True
Is 19378 composite?
True
Is 78367 a prime number?
True
Is 1801 composite?
False
Is 11233 a prime number?
False
Is 932303 prime?
True
Is 136471 a prime number?
True
Is 7621 prime?
True
Is 247189 a composite number?
True
Is 167813 prime?
False
Is 53026 a prime number?
False
Is 12707 a composite number?
True
Is 387403 composite?
False
Is 13403 prime?
False
Is 50401 prime?
False
Is 1277959 a prime number?
False
Is 926171 a composite number?
False
Is 31237 composite?
False
Is 129337 a composite number?
True
Is 92257 a prime number?
False
Is 19945 prime?
False
Is 8977 composite?
True
Is 118343 a composite number?
False
Is 9031 a prime number?
False
Is 1633 composite?
True
Is 96199 a composite number?
False
Is 3903 composite?
True
Is 191185 composite?
True
Is 31769 a composite number?
False
Is 362122 a composite number?
True
Is 851 a prime number?
False
Is 369731 prime?
True
Is 5147 prime?
True
Is 120851 a prime number?
True
Is 265929 composite?
True
Is 487049 prime?
True
Is 4703 prime?
True
Is 12071 prime?
True
Is 458917 prime?
True
Is 191 composite?
False
Is 572855 composite?
True
Is 13147 a composite number?
False
Is 15335 composite?
True
Is 188791 a composite number?
False
Is 53767 a composite number?
True
Is 652945 prime?
False
Is 13849 a composite number?
True
Is 1961 a composite number?
True
Is 21961 composite?
False
Is 32707 a prime number?
True
Is 832063 prime?
True
Is 9701 prime?
False
Is 168515 a composite number?
True
Is 77627 composite?
True
Is 8287 a prime number?
True
Is 18539 a composite number?
False
Is 743323 composite?
True
Is 9754 composite?
True
Is 1220111 prime?
False
Is 331991 prime?
False
Is 17827 prime?
True
Is 571 a composite number?
False
Is 1409 composite?
False
Is 62819 a prime number?
True
Is 37441 a composite number?
False
Is 28559 prime?
True
Is 44057 prime?
False
Is 6521 prime?
True
Is 27733 a prime number?
True
Is 95362 a composite number?
True
Is 3389 a composite 